{"id":1846,"date":"2024-04-29T11:34:14","date_gmt":"2024-04-29T11:34:14","guid":{"rendered":"https:\/\/www.dom-maslina.hr\/new\/?page_id=1846"},"modified":"2024-05-23T10:32:14","modified_gmt":"2024-05-23T10:32:14","slug":"volontiranje","status":"publish","type":"page","link":"https:\/\/www.dom-maslina.hr\/?page_id=1846","title":{"rendered":"Volontiranje"},"content":{"rendered":"<div class=\"wpb-content-wrapper\"><p>[vc_row][vc_column][vc_column_text]<\/p>\n<h3>VOLONTIRANJE<\/h3>\n<p>Volontiranje je dobrovoljno ulaganje osobnog vremena, truda, znanja i vje\u0161tina kojima se obavljaju usluge ili aktivnosti za dobrobit druge osobe ili za zajedni\u010dku dobrobit, a obavljaju ih volonteri bez postojanja uvjeta isplate nov\u010dane nagrade ili potra\u017eivanja druge imovinske koristi za obavljeno volontiranje (Zakon o volonterstvu NN 58\/07, 22\/13, 84\/21).<\/p>\n<p>Svi koji \u017eele pomo\u0107i jer imaju vremena, volje, ljubavi, strpljenja i zainteresirani su za rad s djecom, javite nam se na mail dom.maslina@outlook.com. Dobna granica za volontiranje u na\u0161oj ustanovi je 15 godina.<\/p>\n<h4>Potrebna dokumentacija za svakog volontera:<\/h4>\n<ul>\n<li>\u00a0Lije\u010dni\u010dka potvrda o psihofizi\u010dkom zdravlju izdana od strane nadle\u017enog lije\u010dnika<\/li>\n<li>\u00a0Uvjerenje da se ne vodi kazneni postupak ne stariji od mjesec dana<\/li>\n<li>\u00a0Za u\u010denike i studente: potvrda o redovnom \u0161kolovanju<\/li>\n<\/ul>\n<p>Nakon \u0161to nam se javite, dogovorit \u0107emo sastanak s Vama, a potom i zaklju\u010diti ugovor o volontiranju (obavezno je prilo\u017eiti potrebnu dokumentaciju) izme\u0111u volontera i Centra Maslina.<\/p>\n<h4>NA\u0160I VOLONTERI SUDJELUJU U AKTIVNOSTIMA:<\/h4>\n<p>Pru\u017eanja pomo\u0107i u u\u010denju osnovno\u0161kolskoj djeci<br \/>\nProvo\u0111enja slobodnih aktivnosti s osnovno\u0161kolskom djecom<br \/>\nOrganiziranja raznih radionica (npr. sportske aktivnosti)<br \/>\nOdlazaka u \u0161etnju<\/p>\n<p>Po dolasku u ustanovu potrebno je zabilje\u017eiti dolazak u knjigu evidencije volontera te se dogovoriti s de\u017eurnim odgajateljem oko aktivnosti koje \u0107e se raditi toga dana. Tijekom boravka u na\u0161em Centru volonter nije sam, po potrebi se mo\u017ee javiti odgajatelju ili stru\u010dnom timu za bilo kakvo pitanje, problem ili sl.<\/p>\n<p>Nakon zavr\u0161etka rada potrebno je evidentirati odlazak.<br \/>\nZa sve upite zainteresirani volonteri se mogu javiti koordinatoru volontera \u2013 psihologinji Centra.<\/p>\n<p>VOLONTIRANJE KOJIM SE PRU\u017dAJU USLUGE DJECI ZABRANJENO JE:<\/p>\n<ul>\n<li>osobama kojima traje sigurnosna mjera obveznog psihijatrijskog lije\u010denja ili obveznog<\/li>\n<li>lije\u010denja od ovisnosti ili zabrane obavljanja zvanja, djelatnosti ili du\u017enosti koja je u vezi s djelatnosti volontiranja,<\/li>\n<li>osobama pravomo\u0107no osu\u0111enima za kazneno djelo protiv \u017eivota i tijela, protiv spolne slobode i spolnog \u0107udore\u0111a, protiv braka, obitelji i mlade\u017ei te osobama prema kojima je izre\u010dena prekr\u0161ajnopravna sankcija propisana Zakonom o za\u0161titi od nasilja u obitelji.<\/li>\n<\/ul>\n<p>Zabranjeno je fotografiranje korisnika Centra Maslina i objavljivanje bilo kakvih fotografija korisnika na dru\u0161tvenim mre\u017eama. Sve informacije o korisnicima, ustanovi i drugim volonterima su strogo povjerljive te se volonteri obvezuju po\u0161tovati tajnost podataka.[\/vc_column_text][\/vc_column][\/vc_row]<\/p>\n<\/div>","protected":false},"excerpt":{"rendered":"<p>[vc_row][vc_column][vc_column_text] VOLONTIRANJE Volontiranje je dobrovoljno ulaganje osobnog vremena, truda, znanja i vje\u0161tina kojima se obavljaju usluge ili aktivnosti za dobrobit druge osobe ili za zajedni\u010dku dobrobit, a obavljaju ih volonteri [&hellip;]<\/p>\n","protected":false},"author":1,"featured_media":0,"parent":0,"menu_order":0,"comment_status":"closed","ping_status":"closed","template":"","meta":{"footnotes":""},"class_list":["post-1846","page","type-page","status-publish","hentry"],"_links":{"self":[{"href":"https:\/\/www.dom-maslina.hr\/index.php?rest_route=\/wp\/v2\/pages\/1846","targetHints":{"allow":["GET"]}}],"collection":[{"href":"https:\/\/www.dom-maslina.hr\/index.php?rest_route=\/wp\/v2\/pages"}],"about":[{"href":"https:\/\/www.dom-maslina.hr\/index.php?rest_route=\/wp\/v2\/types\/page"}],"author":[{"embeddable":true,"href":"https:\/\/www.dom-maslina.hr\/index.php?rest_route=\/wp\/v2\/users\/1"}],"replies":[{"embeddable":true,"href":"https:\/\/www.dom-maslina.hr\/index.php?rest_route=%2Fwp%2Fv2%2Fcomments&post=1846"}],"version-history":[{"count":4,"href":"https:\/\/www.dom-maslina.hr\/index.php?rest_route=\/wp\/v2\/pages\/1846\/revisions"}],"predecessor-version":[{"id":2050,"href":"https:\/\/www.dom-maslina.hr\/index.php?rest_route=\/wp\/v2\/pages\/1846\/revisions\/2050"}],"wp:attachment":[{"href":"https:\/\/www.dom-maslina.hr\/index.php?rest_route=%2Fwp%2Fv2%2Fmedia&parent=1846"}],"curies":[{"name":"wp","href":"https:\/\/api.w.org\/{rel}","templated":true}]}}